 7.
4
Suppose -3*d - 2 = 16. Let z be 9/d - 13/2. Calculate the remainder when 3 is divided by (-24)/(-11) - z/(-44).
1
Let x = -23 + 2. Let g = 5 - x. Calculate the remainder when g is divided by 7.
5
Suppose -2*p = 2*f + f - 4, p - 3*f - 20 = 0. Let t = 3 + p. Calculate the remainder when 20 is divided by t.
9
Suppose -b + 1 = -5*m, -3*m - m = -20. Calculate the remainder when 77 is divided by b.
25
Let f(v) = v**2 + 4*v + 3. Let l = -10 + 6. Let d be f(l). Calculate the remainder when 25 is divided by 2 + 0 - (-10 + d).
7
Let w(z) = 3*z**3 - z**2 + z - 1. What is the remainder when w(2) is divided by 9?
3
Suppose -4*j = i - 4 - 5, 3*j = -3*i. What is the remainder when 22 is divided by j?
1
Let y = -50 - -67. What is the remainder when y is divided by 4?
1
Let v be ((-3)/(-2))/((-3)/(-4)). What is the remainder when ((-2)/v)/(6/(-294)) is divided by 13?
10
Let s = 33 + -16. Let i(j) = j**3 - 6*j**2 - j - 5. Let b be i(6). Let z = b + s. Calculate the remainder when z is divided by 4.
2
Let a be 18/3 + 12/(-3). Calculate the remainder when (-195)/(-30) + a/(-4) is divided by 2.
0
Let p(c) be the third derivative of -c**4/12 - c**3 + 6*c**2. What is the remainder when 52 is divided by p(-12)?
16
Suppose -5*z = -55 - 30. What is the remainder when 49 is divided by z/(-4)*(-8)/2?
15
Suppose 2*v + 9 = 5*v. Calculate the remainder when 13 + (-6 - -2) + 1 is divided by v.
1
Let f(k) = k - 3. Let y be f(7). Suppose 0*a + y*a - 2*b = 18, 2*b - 22 = -4*a. Calculate the remainder when 13 is divided by a.
3
Let z = 43 - 28. Calculate the remainder when 58 is divided by z.
13
Calculate the remainder when 15 is divided by 57/11 - ((-12)/33)/(-2).
0
Let s = -8 + 29. What is the remainder when 101 is divided by s?
17
Suppose 0 = -3*c + 2*z + 110, 5 = -3*z + 2. Calculate the remainder when c is divided by (-2)/4 - 108/(-8).
10
Let o = 48 + 32. Suppose -o = p + 3*p. Calculate the remainder when 13 is divided by (-4)/8*p/2.
3
Let y = -18 - -43. Calculate the remainder when y is divided by 7.
4
Let c = 10 + 87. Calculate the remainder when c is divided by 25.
22
Let m(d) = -d**3 - 9*d**2 - 7*d - 40. What is the remainder when m(-9) is divided by 10?
3
Suppose 5*s + 0*s = 0. Suppose s = b + 1 - 7. Calculate the remainder when 46 is divided by (18/12)/(b/64).
14
Let m = 10 + -19. Let g be 1 + -3*3/m. Suppose -218 = -5*r - 3*z, g*r + 3*r + 2*z = 217. Calculate the remainder when r is divided by 22.
21
Suppose 2*a = 5*a - 87. Suppose -12 = -3*h, 2*h - 18 = -3*t + a. What is the remainder when t is divided by 5?
3
Let n(o) = o + 13. Let w be n(0). Let f = w + -11. What is the remainder when 42 is divided by f/(12/(-33))*-4?
20
Let g(t) = t**2 + t - 3. Let f be g(-3). Suppose -2*v + 3 = -v, v = f*c - 3. Calculate the remainder when 5 is divided by c.
1
Suppose -4*q + 240 = 2*n, 0*n + 2*q - 492 = -4*n. Calculate the remainder when n is divided by 32.
28
Let u(y) = -y**2 - 6*y + 9. Let o be u(-7). Suppose o*p = 2*r - 0*p - 40, -r - 10 = 5*p. Calculate the remainder when 43 is divided by r.
13
Let b = 50 + -35. Suppose 70 = 5*s - b. Calculate the remainder when 49 is divided by s.
15
Let y = -8 + 14. What is the remainder when 15 is divided by y?
3
Let w(k) = 13*k**2 + k. Let b be w(-1). What is the remainder when b/15*170/4 is divided by 12?
10
Let m = -27 - -40. Suppose -2 = -5*a + m. Suppose 195 = a*o + 2*o. What is the remainder when o is divided by 20?
19
Suppose -4*z + f = -253, f = 2*z - 0*z - 127. Calculate the remainder when z is divided by 8.
7
Suppose 9 + 15 = h. What is the remainder when h is divided by (-20)/50 + 134/10?
11
Let g = -10 - -10. Suppose 0 = v - g - 11. Calculate the remainder when v is divided by 3.
2
Let b(s) = 6*s**3 - 2*s**3 - 5*s**3 + s - 3 + 5*s**2. Calculate the remainder when b(5) is divided by 2.
0
Suppose -3*h - 2*h - 4*y = 62, 3*y - 76 = 5*h. What is the remainder when ((-4)/6)/(h/777) is divided by 10?
7
Let f(r) = r**3 - 3*r**2 + r. Let x be f(3). Suppose -23 = -x*l - 2*c, -10 = 3*l + 4*c - 35. Calculate the remainder when 12 is divided by l.
5
Let f be -4 + 5 + 6/2. Suppose -f*a + 40 = -0*a. What is the remainder when a is divided by 6?
4
Suppose -4*x - 29 + 77 = 0. Suppose 2*p - 12 = m, -5*p + 3*m - 5*m + 21 = 0. What is the remainder when x is divided by p?
2
Let c be 10/((-1)/2*2). Let h = c + 3. Let p = h + 42. What is the remainder when p is divided by 12?
11
Suppose 0 = -8*d - 0*d + 152. Calculate the remainder when 73 is divided by d.
16
Calculate the remainder when 8 is divided by 2*(0/3 - -1).
0
Let o(k) = k**2 + 9*k - 11. Let v be o(-9). Let w = v + 37. Let b = w - -12. What is the remainder when b is divided by 13?
12
Let b be 7/((-7)/(-80)) + -2. Let v = 123 - b. Calculate the remainder when v is divided by 24.
21
Let w = 151 + -102. What is the remainder when w is divided by 17?
15
Suppose -624 = -14*x - 2*x. Let m(h) = h**2 - h - 2. What is the remainder when x is divided by m(4)?
9
Let b(u) = 7*u - 1. Let p(l) = 6*l - 1. Let w(r) = 5*b(r) - 6*p(r). What is the remainder when 18 is divided by w(-4)?
3
Let l(b) = b**3 + b**2 + 2*b + 116. What is the remainder when l(0) is divided by 20?
16
Suppose t + 4*t = 3*l + 113, -5*l - 5 = -t. What is the remainder when 49 is divided by t?
24
Suppose -4 = -z - 3*p + 4*p, -4*p + 33 = 3*z. Suppose 0 = 4*k - 3*k - z. Let y = -28 + 48. What is the remainder when y is divided by k?
6
Let m(o) = o**3 + 11*o**2 + 10*o + 7. Let k be m(-10). Suppose -2*r = k - 51. Let q = -12 - -24. Calculate the remainder when r is divided by q.
10
Let s be 0/(-1 + 2 - -2). Suppose -u - 2*t = -1 - 11, 4*u + 3*t - 68 = s. What is the remainder when 39 is divided by u?
19
Suppose -2*t - 9 = -5*t. Suppose 6*q - q = 200. Suppose -c - 4*c = -q. What is the remainder when c is divided by t?
2
Let d = 15 + -6. Let p = d + 2. Let l = -99 + 141. Calculate the remainder when l is divided by p.
9
Suppose 6 = -4*q - 2, 2*b - 4*q - 24 = 0. Suppose r + 2*r - 15 = 0. Let i(v) = 2*v + 4. Calculate the remainder when i(r) is divided by b.
6
Suppose -6 + 2 = -2*m. Let s(z) = 14*z**2 - 3*z + 2. Let c be s(m). Suppose 4*o + 16 = c. Calculate the remainder when o is divided by 4.
1
Let p(z) = 9*z**2 - 2*z. Let g be p(4). Suppose g = -s + 5*s. Calculate the remainder when s is divided by 18.
16
Suppose -2*m = -18 - 2. Calculate the remainder when 37 is divided by m.
7
Let w(f) = f**2 - 4. Let r be w(-3). Let h = 6 + r. What is the remainder when 19 is divided by h?
8
Suppose 2*f = -3*d - 7, 0*f - 5 = f + 2*d. Let s = f - -6. Calculate the remainder when s is divided by 2.
1
Let b = 22 + -17. Calculate the remainder when 8 is divided by b.
3
Calculate the remainder when (-10)/4*(-32)/40 is divided by 2.
0
Let b(r) = -r**3 - 13*r**2 + 12*r - 12. Let n = -4 + 13. Calculate the remainder when b(-14) is divided by n.
7
Suppose -4*t = -5*h - 208, -3*t + 92 + 64 = -5*h. Suppose 4*d = -l + 22, l + 0*l - 23 = -5*d. Calculate the remainder when t is divided by l.
16
Let k(v) be the third derivative of v**5/20 - v**4/6 + v**3/2 - 3*v**2. Calculate the remainder when k(4) is divided by 12.
11
Let b(l) = -2*l - 2. Let x be (-14)/(-21)*(-12)/2. What is the remainder when 11 is divided by b(x)?
5
Let t = 11 - 7. Suppose 34 + 42 = t*r. Let j = 1 - -6. Calculate the remainder when r is divided by j.
5
Let b(i) = -2*i**3 + 14*i**2 - 3*i + 4. Let m be b(7). Let q = -15 - m. Suppose -2*w + 10 = -0*w. Calculate the remainder when w is divided by q.
1
Let m(k) = 7*k + 1. Let v be m(-2). Let a = 23 + v. What is the remainder when 1/(1/19 + 0) is divided by a?
9
Let n = 4 - 2. Suppose -6*w + 24 = -n*w. Let u(f) = -f**2 - 10*f - 12. What is the remainder when w is divided by u(-8)?
2
Let p(y) = y**3 + 6*y**2 - 2*y + 1. What is the remainder when 61 is divided by p(-6)?
9
Suppose 3*m = 8*m - 20. Suppose 3*y = 6*y - 6. What is the remainder when y/(-3)*1*-9 is divided by m?
2
Let q = -44 - -89. Let v = 10 + -9. Calculate the remainder when q is divided by ((-12)/(-7))/(v/7).
9
Suppose -t + f - 4 = 0, -2*t + 3*f - 5 - 1 = 0. Let d = t + 6. Suppose s - 13 - 12 = d. What is the remainder when s is divided by 9?
7
Suppose x + 16 = 5*x. Calculate the remainder when 14 is divided by x.
2
Suppose 5*f + 135 = -5*s, -s + 0*f + f - 17 = 0. Let d = s - -6